{"id":7739,"date":"2020-10-30T06:33:07","date_gmt":"2020-10-30T06:33:07","guid":{"rendered":"https:\/\/demo2wpopal.b-cdn.net\/ekommart\/shop\/intelligent-silk-car\/"},"modified":"2023-07-16T09:55:19","modified_gmt":"2023-07-16T12:55:19","slug":"intelligent-silk-car","status":"publish","type":"product","link":"https:\/\/imaginart.shop\/index.php\/product\/intelligent-silk-car\/","title":{"rendered":"Camisa God of War &#8211; Kratos Peito"},"content":{"rendered":"<p>Utilizamos na confec\u00e7\u00e3o de nossas camisetas 100% algod\u00e3o fio 30.1 penteada. As camisetas de algod\u00e3o de forma ind\u00edscutivel ser\u00e3o sempre as preferidas por sua maciez e conforto.<\/p>\n<p>Cuide de Mim<br \/>\nLavagem \u00e0 maquina de acordo com as instru\u00e7\u00f5es na etiqueta de cuidados.<br \/>\nAs pe\u00e7as podem apresentar encolhimento de at\u00e9 5% ap\u00f3s a primeira lavagem.<\/p>\n<p>IMPORTANTE<br \/>\nRecomendamos que voc\u00ea use a camiseta sem modera\u00e7\u00e3o para aproveitar cada um de seus momentos mais especias!<\/p>\n<p>OBSERVA\u00c7\u00c3O: as cores da estampa podem variar conforme a configura\u00e7\u00e3o de cada monitor<\/p>\n","protected":false},"excerpt":{"rendered":"<p><strong>Fa\u00e7a parte dessa hist\u00f3ria, vestindo-se de exclusividade e qualidade. Nossos produtos s\u00e3o pensados desde a primeira parte do processo para entregar ao p\u00fablico qualidade e pre\u00e7o justo.<\/strong><\/p>\n<p><strong>&#8211; Feito de f\u00e3 para f\u00e3!<\/strong><\/p>\n<p><strong>&#8211; Malha confort\u00e1vel, 100% algod\u00e3o &#8211; Fio 30.1 &#8211; Penteada.<\/strong><\/p>\n<p><strong>&#8211; Estampa de alta qualidade.<\/strong><\/p>\n","protected":false},"featured_media":8088,"comment_status":"open","ping_status":"closed","template":"","meta":{"inline_featured_image":false},"product_cat":[156,15],"product_tag":[],"class_list":["post-7739","product","type-product","status-publish","has-post-thumbnail","hentry","product_cat-camisas","product_cat-games"],"_links":{"self":[{"href":"https:\/\/imaginart.shop\/index.php\/wp-json\/wp\/v2\/product\/7739"}],"collection":[{"href":"https:\/\/imaginart.shop\/index.php\/wp-json\/wp\/v2\/product"}],"about":[{"href":"https:\/\/imaginart.shop\/index.php\/wp-json\/wp\/v2\/types\/product"}],"replies":[{"embeddable":true,"href":"https:\/\/imaginart.shop\/index.php\/wp-json\/wp\/v2\/comments?post=7739"}],"wp:featuredmedia":[{"embeddable":true,"href":"https:\/\/imaginart.shop\/index.php\/wp-json\/wp\/v2\/media\/8088"}],"wp:attachment":[{"href":"https:\/\/imaginart.shop\/index.php\/wp-json\/wp\/v2\/media?parent=7739"}],"wp:term":[{"taxonomy":"product_cat","embeddable":true,"href":"https:\/\/imaginart.shop\/index.php\/wp-json\/wp\/v2\/product_cat?post=7739"},{"taxonomy":"product_tag","embeddable":true,"href":"https:\/\/imaginart.shop\/index.php\/wp-json\/wp\/v2\/product_tag?post=7739"}],"curies":[{"name":"wp","href":"https:\/\/api.w.org\/{rel}","templated":true}]}}